late the highest common divisor of 17239170 and 1950.
390
What is the greatest common divisor of 10835 and 200115949?
2167
What is the greatest common divisor of 1815016 and 4928?
56
Calculate the greatest common factor of 1545420644 and 3039.
1013
Calculate the greatest common divisor of 422559 and 151119.
261
Calculate the highest common divisor of 20039 and 2663805.
691
What is the highest common factor of 114578 and 1689540?
1942
What is the highest common divisor of 86739048 and 2376?
792
Calculate the highest common factor of 17930 and 5553410.
1630
Calculate the greatest common divisor of 74736 and 369048.
24
Calculate the greatest common divisor of 13918052 and 4.
4
What is the highest common divisor of 29450 and 1167615?
155
What is the greatest common divisor of 17089804 and 3896?
1948
Calculate the greatest common factor of 376628 and 82376.
28
What is the greatest common divisor of 5205726 and 126?
18
Calculate the greatest common divisor of 1836 and 8144280.
108
Calculate the highest common divisor of 192978 and 1789839.
639
What is the highest common factor of 678 and 1198029390?
678
Calculate the highest common divisor of 14000 and 16199750.
1750
What is the highest common factor of 1652 and 193788?
28
What is the greatest common divisor of 466011770 and 56?
14
Calculate the greatest common divisor of 37071 and 3367969.
1373
Calculate the highest common divisor of 2288 and 3079824.
176
What is the highest common factor of 616307840 and 1965?
655
Calculate the highest common factor of 12961 and 70733.
13
What is the greatest common divisor of 706 and 377052008?
706
What is the greatest common divisor of 1954463 and 2?
1
What is the highest common factor of 1238 and 70762842?
1238
What is the highest common divisor of 124168925 and 5?
5
What is the highest common factor of 35795823 and 1806?
903
Calculate the highest common divisor of 138641258 and 188.
94
What is the highest common factor of 421729254 and 28235?
5647
Calculate the greatest common divisor of 52417 and 1147079.
1219
What is the highest common factor of 584411149 and 707?
707
Calculate the greatest common factor of 92035526 and 201850.
8074
What is the greatest common factor of 10062 and 312858?
234
Calculate the greatest common factor of 20648383 and 399.
133
What is the highest common factor of 775789 and 5219?
307
Calculate the highest common factor of 1424 and 78228152.
712
What is the greatest common factor of 19569 and 26074803?
1779
Calculate the greatest common divisor of 2232 and 139899528.
2232
What is the highest common divisor of 14841225 and 2075?
25
What is the greatest common divisor of 190 and 5099590?
10
Calculate the greatest common factor of 38 and 4569742.
2
Calculate the greatest common divisor of 507908 and 8173309.
6683
Calculate the greatest common divisor of 7838200 and 7700.
100
What is the greatest common divisor of 344441 and 329189?
1271
What is the greatest common divisor of 13 and 36246548?
13
What is the greatest common factor of 36920 and 50657932?
3692
Calculate the greatest common divisor of 99001612 and 2.
2
Calculate the greatest common divisor of 112869 and 51408.
9
Calculate the highest common divisor of 19934408 and 11752.
104
What is the greatest common factor of 93170 and 113330?
70
Calculate the highest common divisor of 23 and 1146155251.
23
Calculate the highest common factor of 314 and 1239694294.
314
Calculate the greatest common factor of 383401962 and 9.
9
What is the greatest common factor of 771554 and 12838?
98
Calculate the greatest common factor of 23368668 and 1674.
186
What is the greatest common factor of 1143 and 31167324?
1143
What is the highest common divisor of 636 and 41602668?
636
What is the highest common divisor of 169125 and 935?
55
What is the highest common divisor of 18107 and 61413226?
953
Calculate the highest common factor of 354114 and 615528.
1854
Calculate the greatest common factor of 486340383 and 1434.
717
What is the highest common divisor of 13020 and 3506472?
372
Calculate the highest common divisor of 46027582 and 5937.
1979
What is the highest common factor of 39366010 and 626?
626
Calculate the highest common divisor of 157777328 and 1416.
472
Calculate the highest common divisor of 125054 and 18662.
62
What is the greatest common divisor of 72054870 and 51360?
3210
What is the highest common factor of 18851265 and 801465?
6735
What is the greatest common factor of 35489567 and 633?
211
Calculate the greatest common factor of 25438252 and 4116.
1372
Calculate the highest common factor of 6105 and 122760.
165
What is the highest common divisor of 1917772 and 117836?
356
Calculate the highest common factor of 526347 and 408915.
2097
What is the greatest common factor of 471614 and 12251294?
2134
What is the greatest common factor of 35 and 14697515?
35
Calculate the greatest common factor of 5027 and 654881.
457
Calculate the greatest common divisor of 521668 and 1036.
28
What is the highest common divisor of 98281167 and 19?
19
Calculate the greatest common factor of 23075 and 9178650.
325
Calculate the greatest common divisor of 24 and 27079428.
12
What is the highest common factor of 1218 and 244093?
29
Calculate the highest common divisor of 2465 and 26150199.
493
Calculate the greatest common factor of 97890 and 998610.
30
Calculate the highest common factor of 14802467 and 711.
79
What is the highest common divisor of 74245 and 2015?
155
Calculate the highest common factor of 6996915 and 495.
45
Calculate the highest common divisor of 9696 and 87239760.
4848
Calculate the greatest common divisor of 36 and 95467374.
18
What is the greatest common factor of 11303580 and 13915?
115
Calculate the highest common factor of 377650 and 5246150.
4550
What is the highest common divisor of 456 and 7204572?
228
What is the greatest common divisor of 23495263 and 33?
11
Calculate the greatest common factor of 86455296 and 79296.
11328
What is the greatest common factor of 21049 and 187271?
217
Calculate the greatest common factor of 238534571 and 11.
11
Calculate the greatest common factor of 88 and 907544.
88
What is the highest common factor of 388056 and 297597?
1311
Calculate the highest common factor of 50 and 73536625.
25
Calculate the greatest common divisor of 239200 and 288.
32
What is the highest common divisor of 135 and 121340910?
15
What is the greatest common divisor of 392 and 908?
4
Calculate the highest common factor of 1041810 and 139974.
246
Calculate the greatest common divisor of 3315 and 9683336.
221
Calculate the highest common divisor of 973 and 2287754.
7
Calculate the greatest common divisor of 3844 and 23935627.
961
What is the highest common factor of 1003334 and 103424?
202
Calculate the greatest common factor of 530067 and 76191.
327
Calculate the greatest common factor of 214356 and 540.
12
What is the highest common divisor of 3101823 and 9630?
963
What is the greatest common factor of 15637 and 1228739?
823
What is the highest common divisor of 94518 and 5855868?
1062
Calculate the highest common divisor of 430 and 7487330.
10
Calculate the greatest common factor of 3500051 and 2619.
97
Calculate the highest common factor of 224083 and 20329.
29
Calculate the highest common factor of 75109 and 3.
1
Calculate the highest common factor of 22904410 and 730.
10
What is the greatest common factor of 4007422 and 984?
82
What is the greatest common factor of 342067 and 223333?
2827
Calculate the highest common factor of 24304 and 49326144.
784
Calculate the greatest common divisor of 5 and 43807685.
5
What is the highest common factor of 344 and 901384?
8
Calculate the highest common divisor of 18390 and 153120.
30
What is the greatest common factor of 4808619 and 702?
27
Calculate the highest common factor of 67285384 and 760.
152
What is the greatest common divisor of 14808 and 54239236?
2468
Calculate the greatest common divisor of 70961976 and 4464.
2232
Calculate the highest common factor of 34 and 13421670.
34
What is the highest common factor of 11557 and 3624712?
91
Calculate the highest common factor of 215445868 and 44.
44
Calculate the highest common divisor of 61200 and 1002096.
144
What is the greatest common factor of 316442 and 5831?
49
What is 